 when 1084 is divided by 124.
92
Calculate the remainder when 11040 is divided by 11.
7
Calculate the remainder when 16949 is divided by 5630.
59
Calculate the remainder when 89763 is divided by 12.
3
Calculate the remainder when 199663 is divided by 29.
27
Calculate the remainder when 1734590 is divided by 69.
68
What is the remainder when 4517678 is divided by 1516?
1514
Calculate the remainder when 321212 is divided by 107.
105
Calculate the remainder when 1189 is divided by 221.
84
Calculate the remainder when 1233 is divided by 97.
69
Calculate the remainder when 2251 is divided by 155.
81
What is the remainder when 7162 is divided by 21?
1
What is the remainder when 6330 is divided by 41?
16
What is the remainder when 1792 is divided by 466?
394
What is the remainder when 17153513 is divided by 14?
13
What is the remainder when 945 is divided by 284?
93
Calculate the remainder when 30960 is divided by 10191.
387
Calculate the remainder when 7218 is divided by 651.
57
What is the remainder when 1303730 is divided by 3768?
2
What is the remainder when 50197 is divided by 16731?
4
Calculate the remainder when 65144 is divided by 21714.
2
Calculate the remainder when 31025 is divided by 15495.
35
Calculate the remainder when 8033 is divided by 1719.
1157
What is the remainder when 2701 is divided by 16?
13
What is the remainder when 88208 is divided by 600?
8
What is the remainder when 4717047 is divided by 533?
530
What is the remainder when 1285 is divided by 239?
90
Calculate the remainder when 765 is divided by 140.
65
Calculate the remainder when 31433 is divided by 58.
55
What is the remainder when 31068 is divided by 5?
3
Calculate the remainder when 150319 is divided by 535.
519
Calculate the remainder when 3213 is divided by 354.
27
Calculate the remainder when 39830 is divided by 3619.
21
Calculate the remainder when 167 is divided by 68.
31
What is the remainder when 10947 is divided by 161?
160
Calculate the remainder when 5381 is divided by 1328.
69
What is the remainder when 46050 is divided by 196?
186
Calculate the remainder when 60545 is divided by 393.
23
Calculate the remainder when 1254 is divided by 34.
30
What is the remainder when 107455 is divided by 135?
130
What is the remainder when 120325 is divided by 338?
335
Calculate the remainder when 3452 is divided by 872.
836
Calculate the remainder when 20830 is divided by 5184.
94
What is the remainder when 13047 is divided by 3?
0
What is the remainder when 51530 is divided by 560?
10
Calculate the remainder when 29223 is divided by 34.
17
Calculate the remainder when 977 is divided by 592.
385
Calculate the remainder when 2984423 is divided by 24.
23
Calculate the remainder when 50633 is divided by 858.
11
Calculate the remainder when 513212 is divided by 20.
12
Calculate the remainder when 316516 is divided by 105505.
1
Calculate the remainder when 60571 is divided by 331.
329
Calculate the remainder when 3060 is divided by 230.
70
Calculate the remainder when 23147 is divided by 169.
163
Calculate the remainder when 9734 is divided by 4863.
8
What is the remainder when 1276 is divided by 142?
140
What is the remainder when 481848 is divided by 419?
417
What is the remainder when 60397 is divided by 17?
13
What is the remainder when 20041 is divided by 79?
54
Calculate the remainder when 149059 is divided by 24.
19
Calculate the remainder when 763758 is divided by 624.
606
What is the remainder when 88726 is divided by 83?
82
Calculate the remainder when 115745 is divided by 629.
9
What is the remainder when 1819 is divided by 19?
14
What is the remainder when 897213 is divided by 20?
13
Calculate the remainder when 237290 is divided by 311.
308
Calculate the remainder when 148206 is divided by 192.
174
Calculate the remainder when 8480 is divided by 41.
34
What is the remainder when 165449 is divided by 9731?
22
What is the remainder when 30576 is divided by 10119?
219
What is the remainder when 2281 is divided by 598?
487
Calculate the remainder when 28687 is divided by 22.
21
Calculate the remainder when 202932 is divided by 32.
20
What is the remainder when 1310 is divided by 58?
34
What is the remainder when 6327 is divided by 367?
88
What is the remainder when 39488 is divided by 250?
238
Calculate the remainder when 18246 is divided by 4374.
750
What is the remainder when 5381 is divided by 281?
42
Calculate the remainder when 10695 is divided by 519.
315
What is the remainder when 2060 is divided by 82?
10
What is the remainder when 9897 is divided by 656?
57
Calculate the remainder when 14858 is divided by 2121.
11
What is the remainder when 7244 is divided by 9?
8
What is the remainder when 346042 is divided by 1891?
1880
What is the remainder when 2896 is divided by 567?
61
Calculate the remainder when 11189 is divided by 2792.
21
What is the remainder when 31590 is divided by 988?
962
Calculate the remainder when 16109 is divided by 3176.
229
What is the remainder when 14345 is divided by 1289?
166
Calculate the remainder when 195627 is divided by 6.
3
What is the remainder when 7315 is divided by 614?
561
Calculate the remainder when 15549 is divided by 3108.
9
Calculate the remainder when 277301 is divided by 95.
91
What is the remainder when 782357 is divided by 329?
324
Calculate the remainder when 203817 is divided by 645.
642
Calculate the remainder when 495 is divided by 491.
4
Calculate the remainder when 18620 is divided by 1689.
41
What is the remainder when 842 is divided by 440?
402
Calculate the remainder when 910 is divided by 38.
36
Calculate the remainder when 1762 is divided by 81.
61
Calculate the remainder when 13484 is divided by 221.
3
What is the remainder when 5803 is divided by 1883?
154
What is the remainder when 320352 is divided by 62?
60
What is the remainder when 78575 is divided by 26168?
71
What is the remainder when 12925 is divided by 16?
13
What is the remainder when 5538 is divided by 36?
30
Calculate the remainder when 365703 is divided by 19.
10
Calculate the remainder when 18036 is divided by 97.
91
What is the remainder when 41294 is divided by 19?
7
Calculate the remainder when 9195 is divided by 418.
417
What is the remainder when 19118 is divided by 684?
650
What is the remainder when 787 is divided by 494?
293
Calculate the remainder when 7173 is divided by 41.
39
Calculate the remainder when 29909 is divided by 22.
11
Calculate the remainder when 205 is divided by 61.
22
What is the remainder when 1850 is divided by 278?
182
What is the remainder when 8066 is divided by 40?
26
What is the remainder when 6174 is divided by 3082?
10
Calculate the remainder when 290 is divided by 149.
141
Calculate the remainder when 10267 is divided by 411.
403
What is the remainder when 18997 is divided by 222?
127
Calculate the remainder when 200639 is divided by 836.
835
Calculate the remainder when 39105 is divided by 12.
9
Calculate the remainder when 16568 is divided by 97.
78
Calculate the remainder when 12961 is divided by 216.
1
Calculate the remainder when 1300161 is divided by 57.
48
What is the remainder when 751596 is divided by 400?
396
What is the remainder when 725406 is divided by 60?
6
Calculate the remainder when 12333 is divided by 167.
142
Calculate the remainder when 9502 is divided by 869.
812
What is the remainder when 5604284 is divided by 17?
13
Calculate the remainder when 5816 is divided by 251.
43
Calculate the remainder when 36406 is divided by 5200.
6
Calculate the remainder when 41685 is divided by 1016.
29
What is the remainder when 6098 is divided by 90?
68
What is the remainder when 1858 is divided by 317?
273
Calculate the remainder when 59 is divided by 3.
2
Calculate the remainder when 1388 is divided by 1385.
3
What is the remainder when 2619063 is divided by 83?
81
What is the remainder when 49800 is divided by 4513?
157
Calculate the remainder when 142194 is divided by 35541.
30
Calculate the remainder when 18243 is divided by 4560.
3
What is the remainder when 143052 is divided by 182?
0
What is the remainder when 547803 is divided by 54779?
13
Calculate the remainder when 14069 is divided by 350.
69
What is the remainder when 13133 is divided by 156?
29
What is the remainder when 2408